 -6*g - 31. Let l be q(-8). What is the hundreds digit of d(l)?
1
Suppose -2*x - 212*g = -207*g - 15367, x = 3*g + 7700. What is the tens digit of x?
9
Suppose 9114 = 2*d + p, 6*d = 4*d - 4*p + 9114. Suppose d = -124*h + 131*h. What is the tens digit of h?
5
Let t = -749 + 2698. What is the thousands digit of t?
1
Let h(i) = i**3 - 3*i**2 + 2*i - 1. Let m be h(3). Let t be -207*66/(-5) + (-20)/50. What is the hundreds digit of (t/m)/4 - 2/(-5)?
1
Suppose -29*i - 141736 = 30*i - 66*i. What is the units digit of i?
8
Let j be -1 + 6 + (-1 - 0). Suppose i - j + 0 = 0. Suppose 64 = 3*b + i. What is the units digit of b?
0
Suppose -25911 = 52*f + 82*f - 2593083. What is the ten thousands digit of f?
1
What is the units digit of -3 - 7 - (102 + -35751)?
9
Let q(r) = 672*r**2 - 86*r - 425. What is the ten thousands digit of q(-5)?
1
Suppose 5*s + 193 = 208. What is the units digit of 2615/s + (-9)/(135/10)?
1
Suppose 0 = -428*y + 430*y - 5*p - 14483, 2*y + 5*p = 14433. What is the tens digit of y?
2
Suppose 1321*m = 2*s + 1318*m - 58009, 3*s - 86961 = -3*m. What is the tens digit of s?
9
Let t = 74542 + -43519. What is the hundreds digit of t?
0
Let o(m) = 28*m + 118. Let n(r) = -9*r - 40. Let f(b) = -7*n(b) - 2*o(b). What is the hundreds digit of f(10)?
1
Suppose 0 = -2*d - 3*d + 4580. Let p(z) = -17*z + 38. Let w be p(2). Suppose -40 = w*x - d. What is the hundreds digit of x?
2
Let r(m) = 15*m**2 - 13*m - m**3 + 44 - 53 + 0*m**3. Let x be r(14). Suppose -9*s = -x*s - 368. What is the units digit of s?
2
What is the units digit of (-46 + 18 + -5)*(-282 + 1)?
3
Let c be (25/(-15))/((-2)/24). Suppose r = -4*g - 15 - 1, -5*g - c = 2*r. Let k = 20 + r. What is the tens digit of k?
2
What is the units digit of (159/(-106))/(2/3390)*-6?
5
Suppose 10*h - 22929 - 29711 = 0. What is the hundreds digit of h?
2
Let j be (0 + 72/(-10))*-5. Suppose 432 - 68 = 26*w. Let m = w + j. What is the tens digit of m?
5
Suppose -4*h + 347 = f - 25616, -5*h = -40. What is the units digit of f?
1
Suppose 118*p - 55223 = 110*p - 5671. What is the units digit of p?
4
Let q = 7447 + 38124. What is the ten thousands digit of q?
4
Let a be -18*8/16 - -34. Suppose 10*l = a*l - 21945. What is the units digit of l?
3
Suppose 4 = -16*z + 52. Suppose -20*y - z*y + 4071 = 0. What is the tens digit of y?
7
Suppose -17803 = -8*x - 15*x + 149522. What is the units digit of x?
5
Let p = -144 - -6325. What is the thousands digit of p?
6
Suppose q + 180*d - 13707 = 179*d, -4*q = -2*d - 54792. What is the tens digit of q?
0
Let b(g) = 14*g**2 + 29*g + 79. What is the tens digit of b(-3)?
1
Suppose 6*u - 1396 = 2*u. Suppose u = -12*t - 443. Let b = 110 + t. What is the tens digit of b?
4
Let d(k) = -14*k - 7. Let a(t) = 3*t**2 + 17*t - 53. Let w(f) = -f**2 - 6*f + 18. Let c(l) = 3*a(l) + 8*w(l). Let r be c(-5). What is the units digit of d(r)?
3
Let n(x) = 3*x**2 - 4*x + 2. Let l be n(1). Let w(z) = 10*z**2 - 4*z + 2. Let d be w(l). What is the hundreds digit of (d/(-6))/((-10)/1515)?
2
What is the units digit of (-91)/(-26) + (-60284)/(-8)?
9
Let z = -372 + 359. Let j(i) = -i**3 - 16*i**2 - 38*i + 31. What is the tens digit of j(z)?
1
Suppose -328 = 2*f - 240. What is the units digit of -14*1/((f/8)/11)?
8
Suppose 0 = d - 4*f - 2572, -2*d + 14*f = 17*f - 5177. Suppose 5*m - 6440 = -5*x, -2*x - 4*m + 0*m + d = 0. What is the units digit of x?
4
Suppose -3*i + 79 = 4*f, 0 = -3*f + 11*i - 7*i + 28. Suppose 0 = -f*a + 18*a - 1860. What is the tens digit of a?
3
Let p be -3*4/4 - (-36)/9. Suppose -5*f - 8 = s + 3, -s + 5*f + 19 = 0. What is the units digit of p/s + (-4008)/(-96)?
2
Suppose 4*f = -4*f - 1552. Let y = -107 - f. Let o = y - 24. What is the units digit of o?
3
Suppose -5*c + 11*u = 12*u - 15, 11 = 3*c + u. Suppose -c*h - 3247 - 1725 = -5*n, -n + 2*h = -988. What is the tens digit of n?
9
Suppose 95047 = 4*d - 3*m, -2*d + 5992 = -2*m - 41528. What is the tens digit of d?
6
Suppose -23*o - 9327 = 13926. Let g = o + 1417. What is the units digit of g?
6
Let a = -58 - -169. Suppose -6*w = -a - 927. What is the tens digit of w?
7
Let k be (-46)/1*(-2 + (-12)/(-8)). Suppose k*x + 8 = 25*x. Let z(h) = h**2 + 2*h - 23. What is the units digit of z(x)?
1
Let b = -3667 - -10957. What is the tens digit of b?
9
Let l(d) = d**3 - 32*d**2 + 41*d + 67. Let a = 127 - 96. What is the tens digit of l(a)?
7
Suppose 40089 = y + 4*x, -86*y = -93*y - 2*x + 280597. What is the units digit of y?
5
Let i(p) = 2255*p + 3019. What is the ten thousands digit of i(4)?
1
Let i(n) be the third derivative of n**5/40 - n**4/24 - n**3 + 12*n**2. Let p(d) be the first derivative of i(d). What is the tens digit of p(18)?
5
Let h = 5330 - 4374. What is the units digit of h?
6
Let u(i) = 10*i**2 + 5*i**3 - 9*i**3 + 5*i**3. Let h be u(-10). Suppose -d + 7 = 3*t - 20, h = -t + d + 5. What is the units digit of t?
8
Let z be 6/(-33) - (-3082)/253. Suppose -z*q + 11690 = -2*q. What is the units digit of q?
9
Let f = -604 - -603. What is the tens digit of 885588/704 - f/16?
5
Let b(i) = -7*i - 20. Let d be b(-3). What is the units digit of -4 + (1142 + -4)/(d*2)?
5
Suppose -2*x = -4*l + 10662, 5*l = x + 9575 + 3757. What is the tens digit of l?
6
Suppose -21*o - 2502 = -37719. What is the hundreds digit of o?
6
Suppose -h + 11*r - 8*r + 2 = 0, 3*h = -r + 6. Suppose -3*m = h*i - 47, m = 4*m + i - 49. What is the units digit of m?
7
Suppose 3*h + 28706 = a + 166068, 2*h = -5*a + 91603. What is the units digit of h?
9
Suppose 6*j = -56*j + 436232. What is the hundreds digit of j?
0
What is the thousands digit of (-478*(-189)/49)/(12/56)?
8
Suppose 2*l = -5*p + 20, 3*p - 2*l - 12 = 3*l. What is the hundreds digit of (56/12)/(p/(-456)*-1)?
5
Suppose -4*n = -n + 2751. Let b be (-1)/6 + n/42 - -1. What is the hundreds digit of 1414/b*1/(4/(-6))?
1
Suppose -6*q + 4*q = -52. Suppose -z - 3*b = -b - 1, -5*z + q = 3*b. Suppose -z*k = -2*k - 250. What is the tens digit of k?
5
Suppose 113*x - 1290660 = 43*x. What is the tens digit of x?
3
Let l = 38749 + -26944. What is the tens digit of l?
0
Let t(a) = 52*a**2 + 32*a + 317. What is the hundreds digit of t(16)?
1
Let i be -3 + 0 - (-11220)/15. Suppose -y = 210 - i. What is the hundreds digit of y?
5
Let h = -871 - 71. Let d = h + 1376. What is the tens digit of d?
3
Let w(i) = 7*i**3 - 93*i**2 + 15*i - 7. What is the thousands digit of w(16)?
5
What is the thousands digit of 467550/65 + 29/(-377)?
7
Let g = 191863 - 107394. What is the hundreds digit of g?
4
Let a = 3 + 103. Let h = -168 + a. Let j = -51 - h. What is the tens digit of j?
1
Suppose -7*g = 1793 - 281. Let s be 6/(-39) + 3996/(-52). Let p = s - g. What is the units digit of p?
9
Let l(i) = 731*i - 1412. What is the hundreds digit of l(3)?
7
Let a(l) = -l**2 + 31*l + 44. Let m be a(32). Suppose 5*r + 44 - 4 = 0. What is the tens digit of r/m*-1 + (-136)/(-3)?
4
Let j be 291/21 - 2/(-14). Suppose 0 = -3*r + 6, 2*l - 6*r = -r - j. What is the units digit of 2 + 1 - -129 - l?
4
What is the hundreds digit of 1905/20*12*85/15?
4
Let y(s) = 7*s**2 + 151*s - 3. Let m be y(-34). Suppose 0 = -54*b + 59*b - m. What is the units digit of b?
1
Let y be 41/3 + 2/6. Let v = -18 + y. What is the units digit of (162 + (-2 - v))/2?
2
Suppose -89*k = 7*k - 472128. What is the hundreds digit of k?
9
What is the units digit of (48/(-4) - -97459)*(-3)/(-7)?
3
Let j = 1708 + 14003. What is the tens digit of j?
1
Suppose 16 = -4*n + 8*n. Suppose 0 = n*s - 5*s + 5. Suppose 0 = 3*m + 5*g - 4*g - 664, 1103 = s*m - 2*g. What is the hundreds digit of m?
2
Let q(t) be the first derivative of t**4/2 - 2*t**3/3 - 4*t**2 - 3*t + 1. Suppose -4*d - 2*o = -18, -1 = 205*o - 204*o. What is the tens digit of q(d)?
5
Let y(t) = -t - 11. Let o be y(-14). Suppose -3*n - l = -3, -12 = -5*l + o. What is the tens digit of n + (-3)/(0 - 1) + 171?
7
Suppose 30*p + 4303 - 37344 + 3701 = 0. What is the tens digit of p?
7
Let o(t) = t**3 + 28*t**2 + 3*t + 76. What is the thousands digit of o(-16)?
3
Let o(s) = -20*s**2 - s + 6. Let q be o(-4). Let w = q - -603. Let i = 544 - w. What is the hundreds digit of i?
2
Let h(i) = -1598 - i + 1597 - 8*i**2 + 6*i - i + 7*i**3. What is the tens digit of h(2)?
3
Let z(v) = -159*v + 2524. What is the thousands digit of z(-38)?
8